25 = 3*s - 3487. What is the tens digit of s?
5
Suppose 3*m + 0*m + 4*o - 21 = 0, -5*m + 49 = 2*o. Suppose m*j = 2127 + 9170. What is the hundreds digit of j?
0
Let w = 21 - 13. Let u be (1*4)/(w/16). Suppose 24*s = u*s + 1856. What is the units digit of s?
6
Let a be (-20*2)/5 - -1. What is the tens digit of a/(21/(-1044)) - 5?
4
Let f = -98 - -109. Let v be 25*f/((-220)/336). Let s = -250 - v. What is the hundreds digit of s?
1
Let r(c) = c**2 + 36*c + 230. What is the units digit of r(56)?
2
What is the thousands digit of 7142 - (-41)/(328/144)?
7
Suppose -5*b - 11 = -4*j, 22 = 3*j + 5*b + 5. Suppose -j*m + 2450 = m. Suppose -5*h - 5*u = -m, 3*u + 2*u + 168 = 2*h. What is the tens digit of h?
9
Let y(b) be the second derivative of -b**3/6 - 36*b**2 + 10*b. Let c be y(0). Let r = c - -76. What is the units digit of r?
4
Let n = 60308 - 41211. What is the ten thousands digit of n?
1
Suppose 449*f - 446*f - 26748 = 0. What is the tens digit of f?
1
What is the tens digit of (-36)/(-24) + (-305343)/(-18)?
6
Suppose 5*t = 3*t + 22. Suppose -5*p - 231 = -66. Let c = t - p. What is the units digit of c?
4
Let n(r) = -r**2 + 7*r + 12. Let s be n(5). Let p = s - 20. Suppose -p*o + 84 + 6 = 0. What is the tens digit of o?
4
What is the units digit of ((-1865024)/1610)/(2/(-15))?
8
Suppose -5*f - 31904 - 35811 = -5*p, 4*f = 3*p - 40631. What is the thousands digit of p?
3
Let m = -112 + 114. What is the units digit of 3/m*-201*(-50)/45?
5
Let p(o) = o**3 + 3*o**2 + o - 6. Let a be p(2). Suppose -21*w + a*w + 30 = 0. Suppose 0 = -11*j + w*j + 295. What is the units digit of j?
9
Suppose 3378 = 3*b - 5*v, 0 = -b - 4*v + 162 + 981. Suppose 4*l + 1405 = -2*t - 3097, 0 = l - 5*t + b. What is the tens digit of l*2/(-10) + 20/25?
2
Let u be -2*(3357/6)/(-3). Let g(l) = l**3 + 10*l**2 - 10*l + 3. Let m be g(-7). Let k = u - m. What is the units digit of k?
3
Suppose 4*v = -2*h + 792, 8*h - 5*v = 4*h + 1519. Suppose 3*m = -p + 1959, -h = m - 4*p - 1026. What is the units digit of m?
2
Let t = 22185 + -12199. What is the hundreds digit of t?
9
Suppose -2*p = 2*w + 108, 4*p + 5*w + 173 + 38 = 0. Let b = p - -62. Suppose -f + 5*y = -53, -b*f - 4*y = -y - 159. What is the tens digit of f?
5
Suppose 18*a = 45*a - 162. What is the hundreds digit of (4 - -20)/(-4) - (-4296)/a?
7
Let k = 9317 - 6945. What is the tens digit of k?
7
Let w be ((-5)/3)/((-2)/(-18)). Let b(z) = 9*z - 6. Let g(a) = -3*a - 1. Let j(n) = -3*b(n) - 8*g(n). What is the tens digit of j(w)?
7
Let c be 19/7 + (-2)/(-7). Let g be ((-12 - -2) + 10)/3. Suppose -3*q - 4*m = -149, g = -c*q + 2*m - m + 124. What is the tens digit of q?
4
Let s = -15922 - -39804. What is the units digit of s?
2
Let d = -186 + 297. What is the tens digit of d/(-148)*6712/(-6)?
3
Let g(v) be the first derivative of -3*v**2 + 7*v**2 + 22*v**2 + 20 + v - v**2. What is the tens digit of g(1)?
5
Let w(a) = a**3 - 9*a**2 + 11*a - 12. Let n be w(8). Suppose 2*r + 20 = -3*r. What is the tens digit of 1/r - (-939)/n?
7
Suppose -4*j = 2*a - 300, 3*j - 55 - 95 = -a. Let u = 152 - a. What is the units digit of u?
2
Suppose -1972357 = -126*s + 322*s - 7300029. What is the thousands digit of s?
7
Suppose -47*t + 52*t + 5 = 0. Let n be t/3*(11 + -23). Suppose -3*o - 2*b + 329 = 0, n*b - 41 = -3*o + 284. What is the units digit of o?
1
Suppose -3*v = 2*v + j - 10228, -3*j - 8171 = -4*v. Suppose -c - 4*c = -v. Let i = c - 207. What is the units digit of i?
2
Let o(r) = -48*r - 84. What is the tens digit of o(-7)?
5
Let z(y) = y**3 - 15*y**2 - 11*y + 66. Let j be z(23). What is the thousands digit of 4*25/60 - j/(-3)?
1
Let j(a) be the first derivative of -a**4/4 + 2*a**3 - a**2/2 + a + 66. What is the tens digit of j(4)?
2
Let d = -2168 - -3049. Let v = 1423 - d. What is the units digit of v?
2
Let g(v) be the second derivative of 23*v**3/6 - 17*v**2/2 - 5*v. Let c(a) = a**2 + 12*a + 25. Let b be c(-10). What is the units digit of g(b)?
8
Suppose 0 = 2*v + m - 51, 3*v + 0*m - m = 74. Let o = v - 25. What is the tens digit of -1 - -2*39 - o?
7
Let q(k) = -33*k + 124. Suppose 106 + 398 = -18*m. What is the units digit of q(m)?
8
Let f = -123 + 195. Suppose -11*w + 19*w = f. Let z(m) = m**2 + 7*m - 27. What is the tens digit of z(w)?
1
Let x(y) = -445*y**3 + 2*y**2 + 1. What is the thousands digit of x(-2)?
3
Let i = 12 + 216. Suppose -117 = -3*q + i. What is the tens digit of q?
1
What is the hundreds digit of (-1600)/(-175)*1022/2?
6
Let h(w) = -w**2 + 17*w - 14. Let z(m) = -m**2 + 18*m - 13. Let r(t) = -6*h(t) + 7*z(t). Let u be r(19). What is the tens digit of 3/2*u/4?
3
Let k = -667 - -30. What is the hundreds digit of k/(-21)*(21 - 6)?
4
Let f(i) be the second derivative of i**4/2 - 2*i**3 + 89*i**2 + 185*i. What is the hundreds digit of f(14)?
1
Suppose -3*r = 2*q - 2, 0*q = 3*r + 5*q + 13. Suppose 3723 = r*m + y, 0 = 4*m - 6*m + 4*y + 1884. What is the tens digit of m?
3
Let a = -7540 + 13822. What is the units digit of a?
2
Let w = 424 - 90. Let j = -220 + w. What is the units digit of j?
4
Let r(n) = 15*n + 136. Let a be (5/10 - 2)*44/(-3). What is the units digit of r(a)?
6
Suppose 24*i = 3*l + 20*i - 14, -5*l = -i - 12. What is the tens digit of ((-518)/28)/(l/(-8))?
7
Let i(j) = -9*j + 3. Let r be (-2 - (3 - (-16)/(-4)))*-3. Suppose 4*p - 4*x = r*p - 5, -5*x = 2*p - 3. What is the units digit of i(p)?
2
Suppose -7*q - 511 = -21. Let k = -67 - q. Suppose -h = k*x - 504, -2*h + 5*h + 840 = 5*x. What is the hundreds digit of x?
1
Let w(k) = -k**3 + 3*k + 4*k**2 + 14*k**2 + 4*k - 16*k**2 + 13. Suppose 0 = -5*r + 15, 3*y + 2*r = -r - 3. What is the units digit of w(y)?
1
Let b = 48 - -142. Let p = 82 + b. What is the units digit of p?
2
Let p = -3468 - -10282. What is the thousands digit of p?
6
Let v = -10972 - -30938. What is the tens digit of v?
6
Let m = 26832 + -14199. What is the thousands digit of m?
2
Let l = -50 - -48. Let n be (0/l)/5 + (-3 - 149). Let m = n + 310. What is the tens digit of m?
5
Suppose -5*i = 25, -2*i - 6830 = 3*q - 8*q. What is the hundreds digit of q?
3
Suppose -4*y + 12 = -y. Suppose -3*j + y*k = 154, 4*k - 1 - 3 = 0. Let l = j - -74. What is the units digit of l?
4
Let n = -24298 + 39178. What is the hundreds digit of n?
8
Let g(c) be the second derivative of 11*c**4/6 + 9*c**3 - 9*c**2/2 - 33*c + 3. What is the units digit of g(-7)?
1
Let a be 6 + -3 + (-5)/(-5). Suppose -a*d = -2*d - 4*d. Suppose 0 = -d*m + m - 79. What is the units digit of m?
9
Let q(y) = 20*y**2 - 852*y + 178. What is the units digit of q(53)?
2
Let c = -74 - -188. Suppose -3280 = 4*y - 3304. Suppose c = y*a - 474. What is the tens digit of a?
9
Suppose 0 = -224*d + 228*d - 20. Suppose -3*j - 2*g + 435 = -d*g, 4*g - 698 = -5*j. What is the hundreds digit of j?
1
Let p be (-1008)/(-98) - (-4)/(-14). Suppose -4*u + 14 + p = 0. Let f = 0 + u. What is the units digit of f?
6
Suppose -3*f + 8624 = -4*q, -7*f + 3*q - 2256 = -22404. What is the tens digit of f?
8
Let n = -426 - -867. Suppose 25 - 4 = 3*t. What is the units digit of (-2)/2 + n/t?
2
Let k = -153 + 149. What is the hundreds digit of (349*k/6)/((-4)/6)?
3
Let m = -563 + 1081. Suppose -m*i = -522*i + 1508. What is the tens digit of i?
7
Let g = 9790 - 2476. What is the thousands digit of g?
7
Suppose -3*h + 101 + 82 = 0. Let o be (-78)/(-36) - 2/12. Suppose o*q = 171 - h. What is the tens digit of q?
5
Let s(q) = 6 - 3*q**2 + q - 12*q**3 - 6 - 5 + 2 + 4*q**3. What is the hundreds digit of s(-3)?
1
Let s(h) = 4*h + 9. Let c be 1*0*4/(-20). What is the units digit of s(c)?
9
What is the hundreds digit of (-6 + 203/7)*(3 + 29)?
7
Suppose -5*m + 492 = -9*m. Suppose 65*j - 63*j + 112 = 0. Let o = j - m. What is the tens digit of o?
6
Suppose 33*n - 137370 = -10*n + 298478. What is the thousands digit of n?
0
Suppose 2*k - 32 = -18. Let d be 6/k*-7*12/(-2). What is the units digit of (-6)/(-8) + 2133/d?
0
Suppose -5*g + 10120 = a, 41*g - 40*g = -a + 10112. What is the tens digit of a?
1
Suppose -3*k + 2*m + 37 = -30, -30 = -2*k + 5*m. Suppose -2*a + 0 + 5 = d, -2*a - k = -5*d. What is the units digit of d?
5
Suppose 10487 + 32506 = 9*u. Suppose 0 = -8*q - 9*q + u. What is the units digit of q?
1
Let q(u) = -15*u**2 + 3*u + 3. Let i be q(-1). What is the units digit of (i - -35